*3 + 5*t**2 + 23*t + 23. Calculate the remainder when 49 is divided by j(s).
4
Let i = 186 + -172. Let u(k) = k**3 - 15*k**2 + 14*k + 3. Calculate the remainder when 5 is divided by u(i).
2
Suppose 23 = 6*r - 13. Suppose -7 = 5*x - 2, 4*o - 426 = r*x. Calculate the remainder when o is divided by 31.
12
Suppose -4018 = 19*d + 1625. Let g = d + 337. Calculate the remainder when g is divided by 11.
7
What is the remainder when 265 is divided by 9/(72/(-56)) + (-510)/(-5)?
75
Let b(s) = s**3 - 12*s**2 + 12*s + 12. Suppose 3*r - 115*w = -113*w + 486, 0 = -5*w - 15. What is the remainder when r is divided by b(11)?
22
Suppose -7877 + 6980 = -j. Calculate the remainder when j is divided by 295.
12
Let j(p) = -p**2 + p + 5. Let a(y) be the second derivative of 2*y**3/3 - 19*y**2 - 32*y. Calculate the remainder when a(11) is divided by j(0).
1
Let h = -80 - -92. Suppose 2*j + 4 = h. Suppose -j*w - 57 = -5*b, 3*b - 62 = -b - 5*w. Calculate the remainder when 62 is divided by b.
10
Let v(s) = -68*s + 535. Suppose -x + 6*x - 160 = 0. What is the remainder when v(6) is divided by x?
31
Suppose 0 = -5*g + 81 + 64. Suppose 222*i + 233*i - 5160 = 435*i. What is the remainder when i is divided by g?
26
Suppose 76*g = -18015 + 50340 + 24143. Calculate the remainder when g is divided by 11.
6
Suppose -l - 9 + 10 = 0. Suppose -i = l, -3*u = u + 4*i - 92. What is the remainder when 118 is divided by (-2 + u/15)*-20*5?
38
Suppose 0 = -5*a + 10, 2*q - 94 = -4*a + a. Suppose -q = -8*x + 212. What is the remainder when 189 is divided by x?
29
Calculate the remainder when 36 is divided by ((-2)/6)/((11/55)/((-924)/55)).
8
Suppose -1722 = 3*l + 648. Suppose -k + 5*g + 4 = -43, -5*g = 5*k - 205. Calculate the remainder when k is divided by 8/36 - l/90.
6
Suppose -9*p = -0*p - 981. Suppose o - p - 134 = 0. Suppose 75 = -6*w + o. What is the remainder when w is divided by 16?
12
Let r = 46 - 47. Calculate the remainder when (-129)/301 + (r - (-80)/7) is divided by 3/2 + (-60)/(-8).
1
Let g = 85 - 69. What is the remainder when 28/(-7) - (-65 - 1) is divided by g?
14
What is the remainder when 1771 is divided by 17/((-357)/(-392)) - ((-2)/(-3) + -2)?
11
Suppose 0 = 65*r - 23*r - 2646. Calculate the remainder when 85 is divided by r.
22
Let i(l) be the third derivative of l**6/120 + 4*l**5/15 - 5*l**4/2 - 7*l**3 + 10*l**2 - 4. What is the remainder when 4*(0 + (-70)/(-8)) is divided by i(-19)?
5
Suppose 5*f + 5*r - 314 = -69, 4*r = 12. Suppose f = 2*l - 4*d, 0 = 2*l - 3*d - 2*d - 46. Calculate the remainder when 64 is divided by l.
18
Let f(c) = c**3 + 140*c**2 + 411*c + 4. Let r be 2/3*(1 - -2). Let a(d) = 5*d - 1. Calculate the remainder when a(r) is divided by f(-137).
1
Suppose -3*b - 11*j = -10*j - 24, 5*j + 80 = 5*b. Calculate the remainder when 25 + (-3 - -2) - -2 is divided by b.
6
Let g(s) = 44*s - 111. Let m be g(5). Suppose -3*d - 19 = -m. Calculate the remainder when d is divided by 6.
0
Let i(d) = 2*d + 12. Let k be i(19). Let h = k - 1. Suppose -2*y + 28 = 2*q, 3*y + 20 = -2*y. What is the remainder when h is divided by q?
13
Let c(m) = -m**3 + 12*m**2 - 22*m + 31. Let k be 16/(-56) - (-72)/7. What is the remainder when 251 is divided by c(k)?
9
Let p(u) = u - 1. Let w(g) = -10*g**2 + 3*g - 3. Let y be w(1). What is the remainder when p(5) is divided by (-5)/(-2)*(-8)/y?
0
Suppose 17*r + 37*r + 4851 - 25047 = 0. Calculate the remainder when r is divided by 51.
17
Let j be 4 + -17 + 7 + 220. Suppose -24*b + 5522 = -j. Calculate the remainder when b is divided by 40.
39
Suppose -17 - 31 = -v. Let t(b) be the third derivative of b**5/60 - b**4/12 + 17*b**3/6 - 14*b**2. Calculate the remainder when v is divided by t(0).
14
Let g = -36 + 33. Let o(w) = 3*w + 94. What is the remainder when (-38)/g*(-294)/(-28) is divided by o(-20)?
31
What is the remainder when 71 is divided by (-1)/(-1) + (-87)/((-3741)/86)?
2
Suppose y + 99*v = 103*v + 5171, -3*y = 2*v - 15443. What is the remainder when y is divided by 24?
15
Let h(j) = -2619*j + 2671. Calculate the remainder when -1*(0 + -61 - 1) is divided by h(1).
10
Suppose -2*c - 43*j + 477 = -44*j, j = -5*c + 1196. What is the remainder when c is divided by 6/(-8) + 546/24?
19
Suppose -2*l + 10 = 4*t, -17*t = -13*t - 3*l - 15. Suppose 0 = -t*r - 4*a + 464, 5*r - 165 = -4*a + 603. Calculate the remainder when r is divided by 11.
9
Calculate the remainder when 16/((-2544)/(-180) + -14) is divided by 111.
9
Let v(p) = 101*p**2 + 9*p - 3. Calculate the remainder when v(-1) is divided by 20.
9
What is the remainder when 1560 is divided by (-853)/(-15) + (2/(-24))/((-350)/560)?
21
Let g = -15742 + 15762. What is the remainder when g is divided by 19/3 + (-1)/3?
2
Let u(y) = -45*y + 3. Let s be u(-3). Let n = s + -81. Let t = 107466 - 107454. Calculate the remainder when n is divided by t.
9
Let j = -208 - -196. What is the remainder when 17 is divided by (j/(-10))/(5/25)?
5
Suppose 60 = -2*g - l - l, -g = -3*l + 14. Calculate the remainder when 66 is divided by (26/169 + (-22)/g)*34.
32
Let l(i) = 14*i - 57. Suppose 3*r = -3*a + 33, -7*a - 6 = -9*a. Calculate the remainder when 103 is divided by l(r).
48
Suppose 7*t + 6 = 4*t. Let l be (t/4)/((-5)/310). Suppose l - 5 = 2*a. Calculate the remainder when 37 is divided by a.
11
Let z = 5465 + -4884. What is the remainder when z is divided by 13?
9
What is the remainder when 1446 is divided by (-3184)/1990 + (-3636)/(-10)?
360
Let l = -172 + 166. Let o(d) = -53*d - 304. What is the remainder when 26 is divided by o(l)?
12
Let q(a) = a**3 + 26*a**2 - 508*a + 31. Calculate the remainder when 107 is divided by q(13).
17
Let n(t) = 8*t - t**2 - 6 + 3 - 7 + 0. Let y be n(4). What is the remainder when 42 is divided by 68/y - 6/18?
9
Suppose -3*m - 19220 = -2*r, 5*r + 14342 - 62411 = -2*m. Calculate the remainder when r is divided by 38.
37
Suppose -451*f + 448*f = -2*m + 5742, f - 2886 = -m. What is the remainder when m is divided by 206?
202
Let o(c) = c**2 - 166*c + 5260. What is the remainder when o(130) is divided by 577?
3
What is the remainder when 873 is divided by (60/(-40))/(2 - (-3436)/(-1712))?
17
Let s = 33 - 18. Suppose 2*i + 2*x = 26, i = -22*x + 26*x - 42. Calculate the remainder when s is divided by i.
1
Let s(l) = -348*l + 192. What is the remainder when s(-3) is divided by 52?
40
Let q = 405 + -394. What is the remainder when (3*(1 + 23))/((-18)/(-63)) is divided by q?
10
Let v(z) = z**2 - z + 22. Suppose 0 = 61*l - 55*l - 210. Calculate the remainder when v(-6) is divided by l.
29
Let w(u) = 6*u**2 + 85*u + 694. Calculate the remainder when w(-7) is divided by 69.
48
Calculate the remainder when 5087 is divided by 98 + (11/(33/12))/(-3 - -1).
95
Suppose -5*y + 22 = 3*j, -2*j - 9 = -3*j - 2*y. Calculate the remainder when (8 + j)/((-8)/(-112)) - -2 is divided by 17.
15
Suppose 137*x - 196 - 51744 = -128*x. Calculate the remainder when 1389 is divided by x.
17
Calculate the remainder when (58/(-3) - 5/(-15))*-7 is divided by -5 + 40/16*8.
13
Suppose 0 = -14*n - 6*s + 3*s + 1013, 3*s = n - 82. Calculate the remainder when 2*53/(-2)*-11 is divided by n.
72
Suppose -3731 = 2*z - 9*z. Suppose -z - 119 = -2*o + 4*h, 3*o = -h + 992. Suppose -3*y + o = 87. What is the remainder when y is divided by 17?
13
Let t(r) = 153 - 19 + r + 2*r + 7. What is the remainder when t(-12) is divided by 12?
9
What is the remainder when (528 + (7 - 21))/(4 + -3) is divided by 35?
24
Suppose -11 = -5*d + 144. Let v = 48 - d. Let j(z) = z**3 + 6*z**2 - 14*z + 14. Calculate the remainder when j(-7) is divided by v.
12
Let l(k) = 49*k**2 - 22*k - 82. Let w be l(-6). Suppose -w = -11*j + 1332. Calculate the remainder when j is divided by 16.
14
Suppose -3*r + 5*r = 132. Let b = 328 - 274. Let g = r - b. What is the remainder when g is divided by 5?
2
What is the remainder when (-3*(-3 - 150/18))/(6/522) is divided by 185?
183
Suppose -2*h + 84 = 4*s, 4919*s = 4924*s - 10. Calculate the remainder when 662 is divided by h.
16
Suppose -30*h - 13158 = -27*h - 20*h. Calculate the remainder when h is divided by 7.
4
Suppose 0 = p + 1, 346 = 18*m - 14*m + 2*p. Suppose -4*n + m = -o, -4*n + 4*o + 16 + 68 = 0. What is the remainder when n is divided by 6?
4
Suppose -189*n + 183*n - 48 = 0. Let p = -292 - -